 the highest common divisor of 5571399 and 6354.
1059
Calculate the highest common divisor of 36 and 88807764.
12
Calculate the highest common factor of 923917177 and 3973.
3973
What is the highest common factor of 102286672 and 1896?
632
Calculate the highest common factor of 165400 and 92.
4
Calculate the greatest common divisor of 26466 and 17430798.
66
What is the greatest common divisor of 54874940 and 100?
20
What is the highest common factor of 59108 and 24046401?
2111
Calculate the highest common divisor of 1586 and 47650577.
793
What is the greatest common divisor of 49 and 41688?
1
Calculate the highest common divisor of 44994252 and 84.
12
Calculate the highest common factor of 495000 and 44824.
8
What is the greatest common divisor of 15 and 356723?
1
What is the highest common factor of 2065347 and 25551?
153
What is the greatest common factor of 664664406 and 168?
42
What is the greatest common factor of 222 and 300768042?
222
Calculate the highest common divisor of 19194289 and 1747.
1747
What is the greatest common divisor of 34452 and 402462?
1566
What is the highest common factor of 139954 and 203?
29
Calculate the highest common factor of 648 and 92536776.
216
What is the greatest common factor of 6313719892 and 12436?
12436
What is the greatest common divisor of 568 and 259079?
71
What is the greatest common divisor of 2558449 and 12002?
17
Calculate the greatest common factor of 2312 and 552110802.
578
Calculate the highest common factor of 62539700 and 400.
100
Calculate the greatest common factor of 5195188 and 16.
4
Calculate the highest common factor of 1773759 and 13.
13
What is the highest common divisor of 290550 and 282750?
1950
Calculate the greatest common divisor of 143212 and 69120.
4
Calculate the highest common divisor of 791 and 23125789.
113
What is the greatest common factor of 22897 and 116532646?
3271
Calculate the highest common divisor of 91 and 245622.
13
What is the highest common factor of 1514453612 and 14?
14
What is the highest common factor of 67775586 and 2865?
573
What is the greatest common factor of 102351 and 18401583?
939
What is the highest common divisor of 592 and 20348?
4
Calculate the highest common divisor of 26 and 191550099.
13
What is the highest common factor of 752 and 11936656?
16
Calculate the highest common divisor of 260 and 20882420.
260
What is the greatest common divisor of 116155585 and 2275?
455
What is the highest common divisor of 884835 and 4770?
2385
What is the highest common factor of 34797095 and 20685?
985
What is the highest common divisor of 1104 and 242064?
48
What is the greatest common divisor of 196530 and 490?
10
Calculate the highest common factor of 1240 and 22943720.
1240
Calculate the highest common divisor of 250 and 105883775.
25
What is the highest common factor of 798 and 10206784?
14
What is the highest common divisor of 105509092 and 260?
52
Calculate the greatest common factor of 12455067 and 4692.
51
What is the highest common divisor of 151 and 512544736?
151
What is the greatest common divisor of 528 and 169484568?
264
What is the greatest common divisor of 206 and 86352110?
206
What is the highest common divisor of 1980 and 45144468?
36
What is the highest common factor of 98310 and 258390?
870
What is the highest common divisor of 12691536 and 713714?
3698
Calculate the highest common factor of 48 and 7032192.
48
What is the greatest common factor of 208046 and 170?
34
What is the greatest common factor of 120724722 and 36?
18
Calculate the highest common divisor of 222 and 68235622.
74
What is the greatest common divisor of 2486 and 3763848?
22
Calculate the greatest common factor of 21 and 6320181.
21
Calculate the highest common factor of 5926614 and 319.
29
Calculate the greatest common factor of 5534836 and 5576.
164
What is the highest common factor of 288 and 3730044?
12
What is the greatest common divisor of 72224813 and 2263?
73
Calculate the highest common divisor of 5328383 and 2321.
211
Calculate the greatest common factor of 132 and 3116300.
44
What is the highest common divisor of 2940 and 16260?
60
Calculate the highest common divisor of 18909044 and 10877.
73
Calculate the greatest common divisor of 64097061 and 2331.
777
What is the greatest common divisor of 308112489 and 36?
9
Calculate the highest common divisor of 751184 and 2445072.
2128
What is the greatest common divisor of 50 and 7706570?
10
Calculate the greatest common factor of 6 and 1592574.
6
What is the greatest common factor of 13316420 and 30?
10
Calculate the greatest common factor of 39 and 1461723.
3
What is the greatest common factor of 1911989 and 24617?
103
What is the highest common factor of 845 and 590506280?
845
What is the greatest common divisor of 41761184 and 3616?
3616
Calculate the greatest common factor of 5796774 and 5833.
307
Calculate the greatest common divisor of 124875756 and 162.
162
What is the greatest common factor of 1841761432 and 2072?
2072
Calculate the highest common factor of 673176 and 18312.
168
Calculate the greatest common divisor of 27824 and 2406400.
752
Calculate the highest common divisor of 930 and 1746912.
186
What is the highest common divisor of 306636 and 89284?
404
Calculate the greatest common divisor of 299337 and 1136421.
2649
What is the greatest common divisor of 8936 and 27664739?
1117
Calculate the greatest common factor of 397907146 and 249.
83
What is the highest common factor of 704 and 316480?
64
What is the highest common factor of 2328 and 412406364?
1164
What is the highest common divisor of 6912 and 19341072?
432
What is the greatest common factor of 1073115 and 81045?
45
What is the highest common divisor of 8281082 and 9970?
1994
Calculate the greatest common divisor of 212 and 33090550.
106
Calculate the highest common divisor of 1223773850 and 10.
10
Calculate the highest common divisor of 798382 and 35.
1
What is the highest common factor of 1190 and 1565060?
70
Calculate the greatest common divisor of 686 and 5426.
2
What is the highest common divisor of 868641723 and 27?
9
What is the highest common divisor of 20669784 and 93561?
7197
What is the greatest common factor of 1199 and 11219417?
11
What is the greatest common factor of 972 and 604042110?
486
What is the highest common factor of 676145 and 177145?
2495
Calculate the greatest common factor of 1053574 and 334350.
1486
Calculate the greatest common factor of 8078353 and 328.
41
Calculate the highest common factor of 22 and 46765972.
22
What is the highest common factor of 10900 and 63858740?
2180
What is the highest common factor of 27805 and 1743?
83
Calculate the highest common factor of 2988 and 17402859.
747
Calculate the highest common factor of 68 and 12883518.
34
What is the highest common factor of 29 and 368239?
1
What is the highest common divisor of 309966 and 10602?
114
Calculate the greatest common factor of 376312 and 2992.
136
Calculate the highest common factor of 30340 and 665020.
820
What is the highest common divisor of 1907308 and 1346072?
2236
Calculate the highest common divisor of 244 and 2599881.
61
What is the greatest common factor of 280659 and 339?
3
What is the greatest common factor of 72937620 and 315?
315
What is the highest common divisor of 56554120 and 70?
70
Calculate the highest common divisor of 165519 and 75843.
477
Calculate the highest common divisor of 189 and 32230170.
189
Calculate the highest common factor of 43385112 and 906417.
15363
What is the highest common divisor of 8308 and 730836?
268
What is the greatest common divisor of 157469316 and 45711?
5079
What is the highest common divisor of 442512 and 144816?
336
What is the greatest common divisor of 394321 and 560232?
251
Calculate the greatest common divisor of 222 and 762218352.
222
Calculate the highest common divisor of 3582 and 23383694.
398
What is the highest common divisor of 32672220 and 15?
15
What is the highest common divisor of 16128 and 29584128?
5376
Calculate the highest common divisor of 1926562 and 152.
38
Calculate the highest common factor of 560644180 and 2477.
2477
Calculate the greatest common divisor of 349297 and 47918.
1261
Calculate the greatest common divisor of 776 and 81025264.
776
Calculate the h